{"id":20,"date":"2026-01-20T22:27:21","date_gmt":"2026-01-21T03:27:21","guid":{"rendered":"https:\/\/www.optimiste-montmagny.ca\/?page_id=20"},"modified":"2026-01-20T22:27:21","modified_gmt":"2026-01-21T03:27:21","slug":"notre-histoire","status":"publish","type":"page","link":"https:\/\/www.optimiste-montmagny.ca\/index.php\/notre-histoire\/","title":{"rendered":"Notre histoire"},"content":{"rendered":"\n<p>C&#8217;est en 1973 que le Club Optimiste de Maisonneuve-Rosemont a parrain\u00e9 un groupe de Magnymontois pour la fondation d&#8217;un Club Optimiste \u00e0 Montmagny, qui c\u00e9l\u00e8bre cette ann\u00e9e son 35 i\u00e8me anniversaire. Le Club compte actuellement 50 membres, dont un de ses membres fondateurs, Me Jean-Alain Lemieux.<\/p>\n\n\n\n<p>Quant \u00e0 lui, le Club Optimiste de Montmagny a parrain\u00e9 en 1983 le Club Optimiste de Cap-St-Ignace qui compte actuellement 55 membres. Les deux Clubs font tout deux parties du District Est du Qu\u00e9bec et Acadie, secteur regroupant les clubs optimistes \u00e9tablis au sud du fleuve St-Laurent en partant de la Beauce jusqu&#8217;aux Iles de la Madeleine.<\/p>\n\n\n\n<p>Depuis sa fondation, le Club Optimiste de Montmagny a r\u00e9alis\u00e9 bon nombre de projets visant l&#8217;\u00e9panouissement de la jeunesse. \u00c0 titre d&#8217;exemple, la mise en place de la maison des jeunes, le soutien du corps de cadets, la cr\u00e9ation du cin\u00e9ma-Optimiste, le tournoi hockey Opti Pee-Wee, la course des petites oies Magny-Gym, les jeux d&#8217;eau du Parc Saint-Nicolas, l&#8217;am\u00e9nagement d&#8217;une chambre pour adolescents \u00e0 l&#8217;h\u00f4pital de Montmagny ainsi qu&#8217;un soutien financier aupr\u00e8s de plusieurs organismes sportifs, culturels et communautaires de la r\u00e9gion.<\/p>\n","protected":false},"excerpt":{"rendered":"<p>C&#8217;est en 1973 que le Club Optimiste de Maisonneuve-Rosemont a parrain\u00e9 un groupe de Magnymontois pour la fondation d&#8217;un Club Optimiste \u00e0 Montmagny, qui c\u00e9l\u00e8bre cette ann\u00e9e son 35 i\u00e8me anniversaire. Le Club compte actuellement 50 membres, dont un de ses membres fondateurs, Me Jean-Alain Lemieux. Quant \u00e0 lui, le Club Optimiste de Montmagny a [&hellip;]<\/p>\n","protected":false},"author":1,"featured_media":0,"parent":0,"menu_order":0,"comment_status":"closed","ping_status":"closed","template":"","meta":{"footnotes":""},"class_list":["post-20","page","type-page","status-publish","hentry"],"_links":{"self":[{"href":"https:\/\/www.optimiste-montmagny.ca\/index.php\/wp-json\/wp\/v2\/pages\/20","targetHints":{"allow":["GET"]}}],"collection":[{"href":"https:\/\/www.optimiste-montmagny.ca\/index.php\/wp-json\/wp\/v2\/pages"}],"about":[{"href":"https:\/\/www.optimiste-montmagny.ca\/index.php\/wp-json\/wp\/v2\/types\/page"}],"author":[{"embeddable":true,"href":"https:\/\/www.optimiste-montmagny.ca\/index.php\/wp-json\/wp\/v2\/users\/1"}],"replies":[{"embeddable":true,"href":"https:\/\/www.optimiste-montmagny.ca\/index.php\/wp-json\/wp\/v2\/comments?post=20"}],"version-history":[{"count":1,"href":"https:\/\/www.optimiste-montmagny.ca\/index.php\/wp-json\/wp\/v2\/pages\/20\/revisions"}],"predecessor-version":[{"id":21,"href":"https:\/\/www.optimiste-montmagny.ca\/index.php\/wp-json\/wp\/v2\/pages\/20\/revisions\/21"}],"wp:attachment":[{"href":"https:\/\/www.optimiste-montmagny.ca\/index.php\/wp-json\/wp\/v2\/media?parent=20"}],"curies":[{"name":"wp","href":"https:\/\/api.w.org\/{rel}","templated":true}]}}