{"id":23,"date":"2026-01-20T22:33:45","date_gmt":"2026-01-21T03:33:45","guid":{"rendered":"https:\/\/www.optimiste-montmagny.ca\/?page_id=23"},"modified":"2026-01-20T22:33:45","modified_gmt":"2026-01-21T03:33:45","slug":"credo","status":"publish","type":"page","link":"https:\/\/www.optimiste-montmagny.ca\/index.php\/credo\/","title":{"rendered":"Cr\u00e9do"},"content":{"rendered":"\n<p><em><strong>Le Cr\u00e9do de l&#8217;Optimiste<\/strong><\/em><br><em><br>Je promets :<br><br>D&#8217;\u00eatre fort au point que rien ne puisse troubler ma s\u00e9r\u00e9nit\u00e9 d&#8217;esprit;<br><br>De parler de sant\u00e9, de bonheur et de prosp\u00e9rit\u00e9<br>\u00e0 toute personne que je rencontrerai;<br><br>D&#8217;inculquer \u00e0 mes amis la confiance en eux-m\u00eames;<br><br>De ne consid\u00e9rer que le bon c\u00f4t\u00e9 des choses en v\u00e9ritable optimiste;<br><br>De ne songer qu&#8217;au mieux, de ne travailler que pour le mieux<br>et de n&#8217;esp\u00e9rer que le mieux;<br><br>De manifester autant d&#8217;enthousiasme<br>pour le succ\u00e8s des autres que pour les miens;<br><br>D&#8217;oublier les erreurs pass\u00e9es et de voir \u00e0 faire mieux \u00e0 l&#8217;avenir;<br><br>D&#8217;avoir toujours l&#8217;air gai et de sourire \u00e0 toute personne que je rencontrerai;<br><br>De consacrer tant de temps \u00e0 m&#8217;am\u00e9liorer moi-m\u00eame<br>que je n&#8217;aurai pas le temps de critiquer les autres;<br><br>D&#8217;\u00eatre trop magnanime pour me tracasser, trop noble pour  m&#8217;irriter,<br>trop fort pour craindre et trop heureux pour me laisser troubler.<\/em><\/p>\n","protected":false},"excerpt":{"rendered":"<p>Le Cr\u00e9do de l&#8217;OptimisteJe promets : D&#8217;\u00eatre fort au point que rien ne puisse troubler ma s\u00e9r\u00e9nit\u00e9 d&#8217;esprit; De parler de sant\u00e9, de bonheur et de prosp\u00e9rit\u00e9\u00e0 toute personne que je rencontrerai; D&#8217;inculquer \u00e0 mes amis la confiance en eux-m\u00eames; De ne consid\u00e9rer que le bon c\u00f4t\u00e9 des choses en v\u00e9ritable optimiste; De ne songer [&hellip;]<\/p>\n","protected":false},"author":1,"featured_media":0,"parent":0,"menu_order":0,"comment_status":"closed","ping_status":"closed","template":"","meta":{"footnotes":""},"class_list":["post-23","page","type-page","status-publish","hentry"],"_links":{"self":[{"href":"https:\/\/www.optimiste-montmagny.ca\/index.php\/wp-json\/wp\/v2\/pages\/23","targetHints":{"allow":["GET"]}}],"collection":[{"href":"https:\/\/www.optimiste-montmagny.ca\/index.php\/wp-json\/wp\/v2\/pages"}],"about":[{"href":"https:\/\/www.optimiste-montmagny.ca\/index.php\/wp-json\/wp\/v2\/types\/page"}],"author":[{"embeddable":true,"href":"https:\/\/www.optimiste-montmagny.ca\/index.php\/wp-json\/wp\/v2\/users\/1"}],"replies":[{"embeddable":true,"href":"https:\/\/www.optimiste-montmagny.ca\/index.php\/wp-json\/wp\/v2\/comments?post=23"}],"version-history":[{"count":1,"href":"https:\/\/www.optimiste-montmagny.ca\/index.php\/wp-json\/wp\/v2\/pages\/23\/revisions"}],"predecessor-version":[{"id":24,"href":"https:\/\/www.optimiste-montmagny.ca\/index.php\/wp-json\/wp\/v2\/pages\/23\/revisions\/24"}],"wp:attachment":[{"href":"https:\/\/www.optimiste-montmagny.ca\/index.php\/wp-json\/wp\/v2\/media?parent=23"}],"curies":[{"name":"wp","href":"https:\/\/api.w.org\/{rel}","templated":true}]}}